t is the units digit of 564?
4
What is the units digit of 985?
5
What is the units digit of 11638?
8
What is the thousands digit of 2040?
2
What is the thousands digit of 48855?
8
What is the units digit of 2041?
1
What is the units digit of 33638?
8
What is the units digit of 116940?
0
What is the thousands digit of 1772?
1
What is the units digit of 201?
1
What is the units digit of 103?
3
What is the units digit of 977?
7
What is the tens digit of 522?
2
What is the hundreds digit of 573?
5
What is the thousands digit of 5291?
5
What is the ten thousands digit of 27570?
2
What is the hundreds digit of 1540?
5
What is the units digit of 1203?
3
What is the tens digit of 9793?
9
What is the hundreds digit of 1484?
4
What is the thousands digit of 18261?
8
What is the units digit of 5580?
0
What is the hundreds digit of 17601?
6
What is the hundreds digit of 3357?
3
What is the units digit of 1781?
1
What is the tens digit of 7263?
6
What is the units digit of 1?
1
What is the hundreds digit of 4094?
0
What is the hundreds digit of 385?
3
What is the units digit of 1237?
7
What is the units digit of 33793?
3
What is the hundreds digit of 6810?
8
What is the units digit of 1021?
1
What is the hundreds digit of 68739?
7
What is the thousands digit of 7076?
7
What is the hundreds digit of 4364?
3
What is the hundreds digit of 61914?
9
What is the hundreds digit of 360?
3
What is the tens digit of 10211?
1
What is the units digit of 31081?
1
What is the hundreds digit of 17028?
0
What is the tens digit of 8174?
7
What is the hundreds digit of 13352?
3
What is the tens digit of 15338?
3
What is the thousands digit of 3069?
3
What is the ten thousands digit of 32118?
3
What is the ten thousands digit of 32728?
3
What is the units digit of 34187?
7
What is the tens digit of 1260?
6
What is the thousands digit of 53788?
3
What is the hundreds digit of 66993?
9
What is the tens digit of 1583?
8
What is the ten thousands digit of 67406?
6
What is the thousands digit of 5732?
5
What is the tens digit of 56675?
7
What is the thousands digit of 4621?
4
What is the hundreds digit of 2344?
3
What is the thousands digit of 126956?
6
What is the thousands digit of 51887?
1
What is the tens digit of 1212?
1
What is the ten thousands digit of 20099?
2
What is the tens digit of 144210?
1
What is the thousands digit of 42543?
2
What is the hundreds digit of 24350?
3
What is the ten thousands digit of 41473?
4
What is the units digit of 44180?
0
What is the hundreds digit of 481?
4
What is the hundreds digit of 163886?
8
What is the units digit of 686?
6
What is the units digit of 510?
0
What is the tens digit of 718?
1
What is the units digit of 9918?
8
What is the tens digit of 3435?
3
What is the tens digit of 463?
6
What is the units digit of 2495?
5
What is the thousands digit of 192448?
2
What is the hundreds digit of 306?
3
What is the tens digit of 8371?
7
What is the tens digit of 12223?
2
What is the hundreds digit of 6145?
1
What is the units digit of 103962?
2
What is the hundreds digit of 1436?
4
What is the hundreds digit of 1075?
0
What is the tens digit of 2040?
4
What is the hundreds digit of 3838?
8
What is the hundreds digit of 12865?
8
What is the tens digit of 1484?
8
What is the thousands digit of 47183?
7
What is the thousands digit of 1811?
1
What is the hundreds digit of 30496?
4
What is the hundreds digit of 8220?
2
What is the units digit of 4670?
0
What is the tens digit of 68329?
2
What is the thousands digit of 18085?
8
What is the hundreds digit of 541?
5
What is the thousands digit of 5425?
5
What is the tens digit of 23354?
5
What is the thousands digit of 43286?
3
What is the units digit of 1124?
4
What is the units digit of 198?
8
What is the thousands digit of 4699?
4
What is the thousands digit of 24054?
4
What is the units digit of 6032?
2
What is the tens digit of 36166?
6
What is the tens digit of 2529?
2
What is the tens digit of 14381?
8
What is the hundreds digit of 97906?
9
What is the thousands digit of 98618?
8
What is the units digit of 84923?
3
What is the thousands digit of 7528?
7
What is the units digit of 66?
6
What is the hundreds digit of 8737?
7
What is the units digit of 67295?
5
What is the thousands digit of 24094?
4
What is the hundreds digit of 624?
6
What is the thousands digit of 82941?
2
What is the units digit of 15070?
0
What is the hundreds digit of 6678?
6
What is the thousands digit of 172135?
2
What is the tens digit of 8652?
5
What is the thousands digit of 2212?
2
What is the units digit of 1310?
0
What is the units digit of 96381?
1
What is the thousands digit of 1183?
1
What is the tens digit of 37977?
7
What is the tens digit of 1386?
8
What is the thousands digit of 1735?
1
What is the tens digit of 996?
9
What is the tens digit of 27137?
3
What is the units digit of 13334?
4
What is the thousands digit of 2747?
2
What is the thousands digit of 2223?
2
What is the thousands digit of 8187?
8
What is the units digit of 6703?
3
What is the tens digit of 2502?
0
What is the thousands digit of 9229?
9
What is the hundreds digit of 94107?
1
What is the hundreds digit of 685?
6
What is the hundreds digit of 646?
6
What is the thousands digit of 1346?
1
What is the thousands digit of 34584?
4
What is the tens digit of 3339?
3
What is the units digit of 596?
6
What is the units digit of 2783?
3
What is the thousands digit of 1998?
1
What is the tens digit of 2906?
0
What is the thousands digit of 4015?
4
What is the units digit of 50155?
5
What is the tens digit of 10528?
2
What is the thousands digit of 1070?
1
What is the thousands digit of 5214?
5
What is the units digit of 93470?
0
What is the tens digit of 31677?
7
What is the thousands digit of 2238?
2
What is the thousands digit of 2270?
2
What is the units digit of 35458?
8
What is the ten thousands digit of 51685?
5
What is the tens digit of 198?
9
What is the thousands digit of 50248?
0
What is the ten thousands digit of 12217?
1
What is the hundreds digit of 6152?
1
What is the hundreds digit of 10962?
9
What is the hundreds digit of 457?
4
What is the thousands digit of 17750?
7
What is the units digit of 3401?
1
What is the hundreds digit of 91056?
0
What is the hundreds digit of 432?
4
What is the tens digit of 612?
1
What is the thousands digit of 5373?
5
What is the tens digit of 2522?
2
What is the tens digit of 126?
2
What is the units digit of 3637?
7
What is the tens digit of 10100?
0
What is the thousands digit of 2589?
2
What is the hundreds digit of 2243?
2
What is the units digit of 4065?
5
What is the tens digit of 923?
2
What is the thousands digit of 15252?
5
What is the thousands digit of 1542?
1
What is the thousands digit of 44669?
4
What is the tens digit of 68611?
1
What is the tens digit of 61?
6
What is the units digit of 8071?
1
What is the hundreds digit of 105569?
5
What is the thousands digit of 7933?
7
What is the thousands digit of 123526?
3
What is the tens digit of 6860?
6
What is the units digit of 64017?
7
What is the tens digit of 5859?
5
What is the units digit of 4575?
5
What is the tens digit of 6649?
4
What is the tens digit of 27010?
1
What is the hundreds digit of 5797?
7
What is the units digit of 59891?
1
What is the units digit of 126?
6
What is the hundreds digit of 11653?
6
What is the hundreds digit of 2285?
2
What is the thousands digit of 17543?
7
What is the units digit of 15416?
6
What is the tens digit of 68910?
1
What is the hundreds digit of 85512?
5
What is the hundreds digit of 78640?
6
What is the thousands digit of 10755?
0
What is the tens digit of 30371?
7
What is the hundreds digit of 86782?
7
What is the units digit of 1940?
0
What is the tens digit of 29530?
3
What is the units digit of 57?
7
What is the thousands digit of 51945?
1
What is the ten thousands digit of 33166?
3
What is the tens digit of 50215?
1
What is the tens digit of 73535?
3
What is the units digit of 102577?
7
What is the tens digit of 48898?
9
What is the thousands digit of 7372?
7
What is the thousands digit of 2694?
2
What is the tens digit of 12859?
5
What is the units digit of 4875?
5
What is the hundreds digit of 3510?
5
What is the hundreds digit of 893?
8
What is the thousands digit of 13284?
3
W